s the highest common divisor of 19 and 75487?
19
What is the greatest common divisor of 127 and 1898269?
127
What is the highest common divisor of 444816 and 54?
18
Calculate the highest common divisor of 8352 and 87840.
288
Calculate the greatest common factor of 57095 and 19760.
95
What is the highest common factor of 81 and 381861?
27
What is the highest common divisor of 183584 and 96?
32
What is the greatest common factor of 334465 and 151?
151
Calculate the highest common factor of 151984 and 5520.
368
What is the greatest common factor of 2364 and 148836?
12
What is the highest common factor of 29 and 3242?
1
What is the highest common factor of 114 and 2489437?
19
Calculate the greatest common factor of 6179 and 13360.
167
Calculate the greatest common divisor of 3728 and 9553.
233
Calculate the highest common divisor of 10404 and 63.
9
Calculate the highest common divisor of 434 and 3514.
14
Calculate the greatest common factor of 136 and 1532771.
17
What is the highest common factor of 60268 and 1064?
76
What is the greatest common divisor of 51301 and 2684?
61
Calculate the highest common factor of 5550 and 800680.
370
What is the greatest common divisor of 234 and 8334?
18
Calculate the highest common factor of 7590 and 1771.
253
What is the greatest common factor of 1594467 and 36?
9
What is the highest common factor of 1305 and 765?
45
Calculate the highest common divisor of 221730 and 10830.
570
Calculate the greatest common divisor of 3338907 and 22.
11
What is the highest common divisor of 276792 and 8?
8
Calculate the highest common divisor of 290 and 130.
10
What is the highest common divisor of 28240 and 260?
20
Calculate the highest common divisor of 68 and 198628.
68
What is the greatest common factor of 1122393 and 471?
471
What is the highest common factor of 28426 and 3538?
122
Calculate the highest common divisor of 5504 and 7310.
86
Calculate the greatest common factor of 1120304 and 208.
16
What is the highest common divisor of 33418 and 3388?
154
What is the highest common divisor of 277 and 831?
277
Calculate the greatest common factor of 1133 and 10403.
103
What is the highest common factor of 9 and 852372?
9
Calculate the greatest common factor of 6262120 and 680.
680
Calculate the greatest common divisor of 61786 and 8.
2
What is the highest common divisor of 120 and 20415?
15
Calculate the greatest common divisor of 235235 and 11.
11
Calculate the greatest common factor of 83450 and 50.
50
Calculate the highest common divisor of 2720 and 603500.
340
What is the highest common factor of 102 and 115617?
51
Calculate the greatest common factor of 5808 and 432.
48
Calculate the greatest common factor of 41600 and 25650.
50
Calculate the highest common factor of 54670 and 1988.
994
Calculate the greatest common factor of 2430 and 42093.
27
Calculate the highest common factor of 20280 and 3.
3
Calculate the highest common factor of 5497 and 11233.
239
Calculate the highest common divisor of 7052 and 205.
41
What is the greatest common factor of 1670651 and 437?
437
What is the greatest common factor of 2248 and 256?
8
Calculate the greatest common divisor of 12002 and 34.
34
Calculate the highest common divisor of 18492 and 966.
138
Calculate the greatest common divisor of 572 and 62414.
22
Calculate the greatest common factor of 41 and 25379.
41
Calculate the greatest common factor of 16 and 2801452.
4
What is the highest common divisor of 8 and 142808?
8
Calculate the greatest common divisor of 1863 and 1633.
23
What is the highest common divisor of 583 and 891?
11
What is the greatest common divisor of 2610 and 245655?
45
What is the highest common divisor of 4571 and 224?
7
Calculate the greatest common factor of 55358 and 8086.
622
Calculate the greatest common divisor of 1722 and 958293.
861
What is the highest common factor of 3795225 and 525?
525
What is the highest common factor of 3893833 and 34?
17
Calculate the greatest common factor of 328197 and 93.
93
Calculate the greatest common factor of 650 and 45175.
325
Calculate the greatest common divisor of 117535 and 55.
55
Calculate the greatest common factor of 2028 and 2784.
12
What is the greatest common divisor of 40 and 1829060?
20
Calculate the highest common factor of 859236 and 6176.
772
What is the highest common divisor of 4400 and 1265?
55
What is the highest common factor of 110643 and 312?
39
What is the highest common divisor of 165634 and 84?
14
What is the greatest common factor of 368 and 37168?
368
Calculate the greatest common divisor of 74283 and 165.
33
What is the highest common factor of 465 and 50964?
93
Calculate the greatest common divisor of 46 and 1294.
2
Calculate the greatest common divisor of 116658 and 36.
18
Calculate the greatest common divisor of 45 and 25533.
9
Calculate the greatest common divisor of 7911 and 25533.
9
Calculate the greatest common factor of 200 and 204040.
40
Calculate the highest common divisor of 330 and 2556345.
165
What is the greatest common factor of 7704 and 2664?
72
Calculate the highest common factor of 19225 and 175.
25
Calculate the greatest common factor of 11 and 1138.
1
Calculate the greatest common divisor of 144144 and 143.
143
Calculate the greatest common factor of 154414 and 312.
26
What is the greatest common factor of 3145710 and 141?
141
Calculate the highest common factor of 33585 and 60.
15
What is the highest common divisor of 40922 and 740?
74
Calculate the greatest common divisor of 1952 and 34784.
32
Calculate the greatest common factor of 3155 and 1893631.
631
What is the greatest common factor of 10340 and 352?
44
Calculate the highest common divisor of 260 and 199550.
130
What is the greatest common divisor of 9379 and 12995?
113
What is the highest common divisor of 26 and 457171?
13
What is the highest common factor of 3645 and 45?
45
Calculate the highest common factor of 112752 and 30132.
972
Calculate the highest common factor of 328400 and 50.
50
Calculate the greatest common divisor of 3298013 and 766.
383
Calculate the greatest common factor of 2735 and 5.
5
What is the greatest common factor of 8708 and 28?
28
Calculate the highest common divisor of 43 and 9133.
1
What is the greatest common divisor of 100696 and 25748?
164
What is the highest common factor of 232548 and 12?
12
Calculate the greatest common divisor of 2804 and 1844.
4
Calculate the highest common factor of 6041323 and 4958.
2479
Calculate the greatest common divisor of 1420020 and 1656.
828
Calculate the greatest common divisor of 320 and 83632.
16
Calculate the greatest common factor of 7908 and 134.
2
Calculate the greatest common factor of 49876 and 3707.
337
Calculate the highest common factor of 21036 and 300.
12
What is the highest common factor of 41 and 1927?
41
What is the greatest common factor of 12096 and 506688?
1344
Calculate the greatest common factor of 180 and 9540.
180
Calculate the highest common factor of 124 and 197222.
62
What is the highest common divisor of 33612 and 48?
12
What is the greatest common divisor of 892 and 23861?
223
What is the highest common factor of 221 and 1972?
17
Calculate the greatest common factor of 168 and 5064.
24
What is the highest common divisor of 3166 and 10?
2
Calculate the greatest common divisor of 90 and 171150.
30
Calculate the highest common divisor of 16 and 23726.
2
What is the highest common factor of 23042 and 17984?
562
What is the greatest common divisor of 23694 and 990?
66
Calculate the greatest common divisor of 30 and 15474.
6
Calculate the greatest common divisor of 84 and 10680.
12
Calculate the highest common divisor of 14193 and 27.
9
Calculate the highest common factor of 4395535 and 268.
67
What is the highest common divisor of 63971 and 142358?
901
Calculate the highest common factor of 334 and 4162475.
167
Calculate the highest common factor of 252 and 17703.
63
What is the greatest common divisor of 2096 and 47029?
131
What is the greatest common divisor of 44 and 311278?
22
Calculate the greatest common factor of 628 and 1158503.
157
What is the highest common divisor of 9583812 and 108?
108
Calculate the greatest common divisor of 54 and 288.
18
What is the highest common factor of 1265088 and 8?
8
What is the hi